142.252.153.246 - - [02/Jul/2026:20:28:29 +0700] "GET /wp-includes/js/jquery/jquery-migrate.min.js?ver=3.4.1 HTTP/1.1" 404 25199 "https://careerusa.star4hire.com/?dir=CAApost-template" "Mozilla/5.0 (compatible; Bytespider; spider-feedback@bytedance.com) AppleWebKit/537.36 (KHTML, like Gecko) Chrome/70.0.0.0 Safari/537.36"
45.38.156.39 - - [02/Jul/2026:20:28:29 +0700] "GET /wp-content/plugins/betterlinks/assets/js/betterlinks.app.core.min.js?ver=82f05e9a0c750678d3cc HTTP/1.1" 404 25220 "https://careerusa.star4hire.com/?dir=CAApost-template" "Mozilla/5.0 (compatible; Bytespider; spider-feedback@bytedance.com) AppleWebKit/537.36 (KHTML, like Gecko) Chrome/70.0.0.0 Safari/537.36"
104.253.252.39 - - [02/Jul/2026:20:28:30 +0700] "GET /wp-content/plugins/ultimate-social-media-icons/js/custom.js?ver=2.9.9 HTTP/1.1" 404 25218 "https://careerusa.star4hire.com/?dir=CAApost-template" "Mozilla/5.0 (compatible; Bytespider; spider-feedback@bytedance.com) AppleWebKit/537.36 (KHTML, like Gecko) Chrome/70.0.0.0 Safari/537.36"
103.110.160.232 - - [02/Jul/2026:20:28:38 +0700] "GET /wp-content/plugins/elementor/assets/js/frontend.min.js?ver=4.1.4 HTTP/1.1" 404 25223 "https://careerusa.star4hire.com/?dir=CAApost-template" "Mozilla/5.0 (compatible; Bytespider; spider-feedback@bytedance.com) AppleWebKit/537.36 (KHTML, like Gecko) Chrome/70.0.0.0 Safari/537.36"
142.252.153.246 - - [02/Jul/2026:20:28:40 +0700] "GET /wp-content/plugins/elementor/assets/js/webpack.runtime.min.js?ver=4.1.4 HTTP/1.1" 404 25227 "https://careerusa.star4hire.com/?dir=CAApost-template" "Mozilla/5.0 (compatible; Bytespider; spider-feedback@bytedance.com) AppleWebKit/537.36 (KHTML, like Gecko) Chrome/70.0.0.0 Safari/537.36"
45.38.156.39 - - [02/Jul/2026:20:28:42 +0700] "GET /wp-content/uploads/2024/10/s4h-logo-color-copy-169x44.png HTTP/1.1" 404 97894 "https://careerusa.star4hire.com/?dir=CAApost-template" "Mozilla/5.0 (compatible; Bytespider; spider-feedback@bytedance.com) AppleWebKit/537.36 (KHTML, like Gecko) Chrome/70.0.0.0 Safari/537.36"
172.120.89.60 - - [02/Jul/2026:20:28:44 +0700] "GET /wp-content/plugins/essential-addons-for-elementor-lite/assets/front-end/js/view/general.min.js?ver=6.6.9 HTTP/1.1" 404 0 "https://careerusa.star4hire.com/?dir=CAApost-template" "Mozilla/5.0 (compatible; Bytespider; spider-feedback@bytedance.com) AppleWebKit/537.36 (KHTML, like Gecko) Chrome/70.0.0.0 Safari/537.36"
104.253.252.39 - - [02/Jul/2026:20:28:46 +0700] "GET /wp-content/plugins/pixelyoursite/dist/scripts/jquery.bind-first-0.2.3.min.js?ver=0.2.3 HTTP/1.1" 404 0 "https://careerusa.star4hire.com/?dir=CAApost-template" "Mozilla/5.0 (compatible; Bytespider; spider-feedback@bytedance.com) AppleWebKit/537.36 (KHTML, like Gecko) Chrome/70.0.0.0 Safari/537.36"
104.164.44.60 - - [02/Jul/2026:20:28:47 +0700] "GET /wp-content/plugins/pixelyoursite/dist/scripts/js.cookie-2.1.3.min.js?ver=2.1.3 HTTP/1.1" 404 0 "https://careerusa.star4hire.com/?dir=CAApost-template" "Mozilla/5.0 (compatible; Bytespider; spider-feedback@bytedance.com) AppleWebKit/537.36 (KHTML, like Gecko) Chrome/70.0.0.0 Safari/537.36"
142.252.153.246 - - [02/Jul/2026:20:28:47 +0700] "GET /wp-content/plugins/pixelyoursite/dist/scripts/public.js?ver=11.2.0.7 HTTP/1.1" 404 0 "https://careerusa.star4hire.com/?dir=CAApost-template" "Mozilla/5.0 (compatible; Bytespider; spider-feedback@bytedance.com) AppleWebKit/537.36 (KHTML, like Gecko) Chrome/70.0.0.0 Safari/537.36"
103.110.160.232 - - [02/Jul/2026:20:28:48 +0700] "GET /wp-content/uploads/2024/10/8962910_career_employee_worker_businessman_people_icon.png HTTP/1.1" 404 0 "https://careerusa.star4hire.com/?dir=CAApost-template" "Mozilla/5.0 (compatible; Bytespider; spider-feedback@bytedance.com) AppleWebKit/537.36 (KHTML, like Gecko) Chrome/70.0.0.0 Safari/537.36"
103.15.226.176 - - [02/Jul/2026:20:33:49 +0700] "POST /wp-cron.php?doing_wp_cron=1782999229.4905369281768798828125 HTTP/1.1" 200 0 "-" "WordPress/7.0; https://careerusa.star4hire.com"
57.141.0.27 - - [02/Jul/2026:20:33:49 +0700] "GET /tag/cv-ats/ HTTP/1.1" 200 137038 "-" "meta-externalagent/1.1 (+https://developers.facebook.com/docs/sharing/webmasters/crawler)"
103.15.226.176 - - [02/Jul/2026:20:35:42 +0700] "POST /wp-cron.php?doing_wp_cron=1782999342.9022769927978515625000 HTTP/1.1" 200 0 "-" "WordPress/7.0; https://careerusa.star4hire.com"
85.208.96.210 - - [02/Jul/2026:20:35:42 +0700] "GET /tag/pr-pathways-australia/ HTTP/1.1" 404 26843 "-" "Mozilla/5.0 (compatible; SemrushBot/7~bl; +http://www.semrush.com/bot.html)"
138.186.28.253 - - [02/Jul/2026:20:35:48 +0700] "GET /index.php?dir=CAAquery-pagination-previous HTTP/1.1" 301 0 "-" "Mozilla/5.0 (Linux; Android 5.0; SM-G900P Build/LRX21T) AppleWebKit/537.36 (KHTML, like Gecko) Chrome/42.0.8146.1861 Mobile Safari/537.36"
138.186.28.253 - - [02/Jul/2026:20:35:51 +0700] "GET /?dir=CAAquery-pagination-previous HTTP/1.1" 200 33375 "-" "Mozilla/5.0 (Linux; Android 5.0; SM-G900P Build/LRX21T) AppleWebKit/537.36 (KHTML, like Gecko) Chrome/42.0.8146.1861 Mobile Safari/537.36"
185.131.221.143 - - [02/Jul/2026:20:35:59 +0700] "GET /wp-includes/css/dashicons.min.css?ver=7.0 HTTP/1.1" 404 25199 "https://careerusa.star4hire.com/?dir=CAAquery-pagination-previous" "Mozilla/5.0 (compatible; Bytespider; spider-feedback@bytedance.com) AppleWebKit/537.36 (KHTML, like Gecko) Chrome/70.0.0.0 Safari/537.36"
198.64.114.50 - - [02/Jul/2026:20:36:01 +0700] "GET /wp-content/plugins/leadconnector/public/css/leadconnector-public.css?ver=4.0.2 HTTP/1.1" 404 25221 "https://careerusa.star4hire.com/?dir=CAAquery-pagination-previous" "Mozilla/5.0 (compatible; Bytespider; spider-feedback@bytedance.com) AppleWebKit/537.36 (KHTML, like Gecko) Chrome/70.0.0.0 Safari/537.36"
131.103.146.141 - - [02/Jul/2026:20:36:02 +0700] "GET /wp-content/plugins/ultimate-social-media-icons/css/sfsi-style.css?ver=2.9.9 HTTP/1.1" 404 25220 "https://careerusa.star4hire.com/?dir=CAAquery-pagination-previous" "Mozilla/5.0 (compatible; Bytespider; spider-feedback@bytedance.com) AppleWebKit/537.36 (KHTML, like Gecko) Chrome/70.0.0.0 Safari/537.36"
109.198.36.157 - - [02/Jul/2026:20:36:03 +0700] "GET /wp-content/uploads/elementor/css/post-6.css?ver=1782860115 HTTP/1.1" 404 25224 "https://careerusa.star4hire.com/?dir=CAAquery-pagination-previous" "Mozilla/5.0 (compatible; Bytespider; spider-feedback@bytedance.com) AppleWebKit/537.36 (KHTML, like Gecko) Chrome/70.0.0.0 Safari/537.36"
222.167.111.132 - - [02/Jul/2026:20:36:04 +0700] "GET /wp-content/plugins/elementor/assets/css/widget-spacer.min.css?ver=4.1.4 HTTP/1.1" 404 25221 "https://careerusa.star4hire.com/?dir=CAAquery-pagination-previous" "Mozilla/5.0 (compatible; Bytespider; spider-feedback@bytedance.com) AppleWebKit/537.36 (KHTML, like Gecko) Chrome/70.0.0.0 Safari/537.36"
45.148.76.117 - - [02/Jul/2026:20:36:05 +0700] "GET /wp-content/plugins/elementor/assets/css/widget-image.min.css?ver=4.1.4 HTTP/1.1" 404 25225 "https://careerusa.star4hire.com/?dir=CAAquery-pagination-previous" "Mozilla/5.0 (compatible; Bytespider; spider-feedback@bytedance.com) AppleWebKit/537.36 (KHTML, like Gecko) Chrome/70.0.0.0 Safari/537.36"
185.131.221.143 - - [02/Jul/2026:20:36:05 +0700] "GET /wp-content/uploads/elementor/css/post-500.css?ver=1782860116 HTTP/1.1" 404 25224 "https://careerusa.star4hire.com/?dir=CAAquery-pagination-previous" "Mozilla/5.0 (compatible; Bytespider; spider-feedback@bytedance.com) AppleWebKit/537.36 (KHTML, like Gecko) Chrome/70.0.0.0 Safari/537.36"
198.64.114.50 - - [02/Jul/2026:20:36:06 +0700] "GET /wp-includes/js/jquery/jquery-migrate.min.js?ver=3.4.1 HTTP/1.1" 404 25200 "https://careerusa.star4hire.com/?dir=CAAquery-pagination-previous" "Mozilla/5.0 (compatible; Bytespider; spider-feedback@bytedance.com) AppleWebKit/537.36 (KHTML, like Gecko) Chrome/70.0.0.0 Safari/537.36"
131.103.146.141 - - [02/Jul/2026:20:36:08 +0700] "GET /wp-includes/js/jquery/jquery.min.js?ver=3.7.1 HTTP/1.1" 404 25203 "https://careerusa.star4hire.com/?dir=CAAquery-pagination-previous" "Mozilla/5.0 (compatible; Bytespider; spider-feedback@bytedance.com) AppleWebKit/537.36 (KHTML, like Gecko) Chrome/70.0.0.0 Safari/537.36"
69.63.184.28 - - [02/Jul/2026:20:36:10 +0700] "GET /robots.txt HTTP/1.1" 200 190 "-" "facebookexternalhit/1.1 (+http://www.facebook.com/externalhit_uatext.php)"
185.131.221.143 - - [02/Jul/2026:20:36:11 +0700] "GET /wp-includes/js/imagesloaded.min.js?ver=5.0.0 HTTP/1.1" 404 25199 "https://careerusa.star4hire.com/?dir=CAAquery-pagination-previous" "Mozilla/5.0 (compatible; Bytespider; spider-feedback@bytedance.com) AppleWebKit/537.36 (KHTML, like Gecko) Chrome/70.0.0.0 Safari/537.36"
57.141.0.69 - - [02/Jul/2026:20:36:12 +0700] "GET /index.php?action=download&file=query-pagination-next.php&dir= HTTP/1.1" 301 0 "-" "meta-externalagent/1.1 (+https://developers.facebook.com/docs/sharing/webmasters/crawler)"
45.148.76.117 - - [02/Jul/2026:20:36:13 +0700] "GET /wp-includes/js/masonry.min.js?ver=4.2.2 HTTP/1.1" 404 25200 "https://careerusa.star4hire.com/?dir=CAAquery-pagination-previous" "Mozilla/5.0 (compatible; Bytespider; spider-feedback@bytedance.com) AppleWebKit/537.36 (KHTML, like Gecko) Chrome/70.0.0.0 Safari/537.36"
131.103.146.141 - - [02/Jul/2026:20:36:15 +0700] "GET /wp-content/themes/astra/assets/js/minified/frontend.min.js?ver=4.13.4 HTTP/1.1" 404 25227 "https://careerusa.star4hire.com/?dir=CAAquery-pagination-previous" "Mozilla/5.0 (compatible; Bytespider; spider-feedback@bytedance.com) AppleWebKit/537.36 (KHTML, like Gecko) Chrome/70.0.0.0 Safari/537.36"
198.64.114.50 - - [02/Jul/2026:20:36:16 +0700] "GET /wp-content/plugins/ultimate-social-media-icons/js/shuffle/modernizr.custom.min.js?ver=7.0 HTTP/1.1" 404 25222 "https://careerusa.star4hire.com/?dir=CAAquery-pagination-previous" "Mozilla/5.0 (compatible; Bytespider; spider-feedback@bytedance.com) AppleWebKit/537.36 (KHTML, like Gecko) Chrome/70.0.0.0 Safari/537.36"
103.15.226.176 - - [02/Jul/2026:20:36:18 +0700] "POST /wp-cron.php?doing_wp_cron=1782999377.3418540954589843750000 HTTP/1.1" 499 0 "-" "WordPress/7.0; https://careerusa.star4hire.com"
109.198.36.157 - - [02/Jul/2026:20:36:18 +0700] "GET /wp-content/plugins/elementor/assets/js/webpack.runtime.min.js?ver=4.1.4 HTTP/1.1" 404 25227 "https://careerusa.star4hire.com/?dir=CAAquery-pagination-previous" "Mozilla/5.0 (compatible; Bytespider; spider-feedback@bytedance.com) AppleWebKit/537.36 (KHTML, like Gecko) Chrome/70.0.0.0 Safari/537.36"
222.167.111.132 - - [02/Jul/2026:20:36:18 +0700] "GET /wp-content/plugins/ultimate-social-media-icons/js/shuffle/jquery.shuffle.min.js?ver=7.0 HTTP/1.1" 404 25228 "https://careerusa.star4hire.com/?dir=CAAquery-pagination-previous" "Mozilla/5.0 (compatible; Bytespider; spider-feedback@bytedance.com) AppleWebKit/537.36 (KHTML, like Gecko) Chrome/70.0.0.0 Safari/537.36"
131.103.146.141 - - [02/Jul/2026:20:36:19 +0700] "GET /wp-content/plugins/essential-addons-for-elementor-lite/assets/front-end/js/view/general.min.js?ver=6.6.9 HTTP/1.1" 404 25230 "https://careerusa.star4hire.com/?dir=CAAquery-pagination-previous" "Mozilla/5.0 (compatible; Bytespider; spider-feedback@bytedance.com) AppleWebKit/537.36 (KHTML, like Gecko) Chrome/70.0.0.0 Safari/537.36"
185.131.221.143 - - [02/Jul/2026:20:36:19 +0700] "GET /wp-content/uploads/2024/10/s4h-logo-color-copy-169x44.png HTTP/1.1" 404 133555 "https://careerusa.star4hire.com/?dir=CAAquery-pagination-previous" "Mozilla/5.0 (compatible; Bytespider; spider-feedback@bytedance.com) AppleWebKit/537.36 (KHTML, like Gecko) Chrome/70.0.0.0 Safari/537.36"
45.148.76.117 - - [02/Jul/2026:20:36:20 +0700] "GET /wp-content/plugins/ultimate-social-media-icons/js/custom.js?ver=2.9.9 HTTP/1.1" 404 25222 "https://careerusa.star4hire.com/?dir=CAAquery-pagination-previous" "Mozilla/5.0 (compatible; Bytespider; spider-feedback@bytedance.com) AppleWebKit/537.36 (KHTML, like Gecko) Chrome/70.0.0.0 Safari/537.36"
198.64.114.50 - - [02/Jul/2026:20:36:22 +0700] "GET /wp-content/plugins/google-analytics-for-wordpress/assets/js/frontend-gtag.min.js?ver=10.2.2 HTTP/1.1" 404 25221 "https://careerusa.star4hire.com/?dir=CAAquery-pagination-previous" "Mozilla/5.0 (compatible; Bytespider; spider-feedback@bytedance.com) AppleWebKit/537.36 (KHTML, like Gecko) Chrome/70.0.0.0 Safari/537.36"
109.198.36.157 - - [02/Jul/2026:20:36:24 +0700] "GET /wp-content/plugins/google-site-kit/dist/assets/js/googlesitekit-events-provider-optin-monster-f6960b1ed80e457ea97e.js HTTP/1.1" 404 25234 "https://careerusa.star4hire.com/?dir=CAAquery-pagination-previous" "Mozilla/5.0 (compatible; Bytespider; spider-feedback@bytedance.com) AppleWebKit/537.36 (KHTML, like Gecko) Chrome/70.0.0.0 Safari/537.36"
222.167.111.132 - - [02/Jul/2026:20:36:25 +0700] "GET /wp-content/plugins/pixelyoursite/dist/scripts/jquery.bind-first-0.2.3.min.js?ver=0.2.3 HTTP/1.1" 404 25226 "https://careerusa.star4hire.com/?dir=CAAquery-pagination-previous" "Mozilla/5.0 (compatible; Bytespider; spider-feedback@bytedance.com) AppleWebKit/537.36 (KHTML, like Gecko) Chrome/70.0.0.0 Safari/537.36"
185.131.221.143 - - [02/Jul/2026:20:36:26 +0700] "GET /wp-content/uploads/2024/10/8962910_career_employee_worker_businessman_people_icon.png HTTP/1.1" 404 133723 "https://careerusa.star4hire.com/?dir=CAAquery-pagination-previous" "Mozilla/5.0 (compatible; Bytespider; spider-feedback@bytedance.com) AppleWebKit/537.36 (KHTML, like Gecko) Chrome/70.0.0.0 Safari/537.36"
131.103.146.141 - - [02/Jul/2026:20:36:27 +0700] "GET /wp-content/uploads/2024/10/7830741_human_resources_search_employees_icon-copy.png HTTP/1.1" 404 133699 "https://careerusa.star4hire.com/?dir=CAAquery-pagination-previous" "Mozilla/5.0 (compatible; Bytespider; spider-feedback@bytedance.com) AppleWebKit/537.36 (KHTML, like Gecko) Chrome/70.0.0.0 Safari/537.36"
198.64.114.50 - - [02/Jul/2026:20:36:28 +0700] "GET /wp-content/uploads/2024/10/7830776_plane_trip_international_icon-copy.png HTTP/1.1" 404 133651 "https://careerusa.star4hire.com/?dir=CAAquery-pagination-previous" "Mozilla/5.0 (compatible; Bytespider; spider-feedback@bytedance.com) AppleWebKit/537.36 (KHTML, like Gecko) Chrome/70.0.0.0 Safari/537.36"
109.198.36.157 - - [02/Jul/2026:20:36:28 +0700] "GET /wp-content/uploads/2024/10/9929124_career_leadership_learn_development_growth_icon-copy.png HTTP/1.1" 404 133759 "https://careerusa.star4hire.com/?dir=CAAquery-pagination-previous" "Mozilla/5.0 (compatible; Bytespider; spider-feedback@bytedance.com) AppleWebKit/537.36 (KHTML, like Gecko) Chrome/70.0.0.0 Safari/537.36"
45.148.76.117 - - [02/Jul/2026:20:36:30 +0700] "GET /wp-content/uploads/2024/10/4753731_business_cash_coin_dollar_finance_icon.png HTTP/1.1" 404 65126 "https://careerusa.star4hire.com/?dir=CAAquery-pagination-previous" "Mozilla/5.0 (compatible; Bytespider; spider-feedback@bytedance.com) AppleWebKit/537.36 (KHTML, like Gecko) Chrome/70.0.0.0 Safari/537.36"
103.15.226.176 - - [02/Jul/2026:20:37:30 +0700] "POST /wp-cron.php?doing_wp_cron=1782999450.7286419868469238281250 HTTP/1.1" 200 0 "-" "WordPress/7.0; https://careerusa.star4hire.com"
57.141.0.45 - - [02/Jul/2026:20:37:31 +0700] "GET /?action=download&file=query-pagination-next.php&dir HTTP/1.1" 200 210066 "-" "meta-externalagent/1.1 (+https://developers.facebook.com/docs/sharing/webmasters/crawler)"
103.15.226.176 - - [02/Jul/2026:20:39:51 +0700] "POST /wp-cron.php?doing_wp_cron=1782999590.9609680175781250000000 HTTP/1.1" 200 0 "-" "WordPress/7.0; https://careerusa.star4hire.com"
14.191.49.72 - - [02/Jul/2026:20:39:51 +0700] "GET /index.php?dir=CAApreformatted HTTP/1.1" 301 0 "-" "Mozilla/5.0 (Linux; Android 5.0; SM-G900P Build/LRX21T) AppleWebKit/537.36 (KHTML, like Gecko) Chrome/58.0.3692.1780 Mobile Safari/537.36"
14.191.49.72 - - [02/Jul/2026:20:39:53 +0700] "GET /?dir=CAApreformatted HTTP/1.1" 200 33371 "-" "Mozilla/5.0 (Linux; Android 5.0; SM-G900P Build/LRX21T) AppleWebKit/537.36 (KHTML, like Gecko) Chrome/58.0.3692.1780 Mobile Safari/537.36"
104.243.197.51 - - [02/Jul/2026:20:39:58 +0700] "GET /wp-includes/css/dashicons.min.css?ver=7.0 HTTP/1.1" 200 35114 "https://careerusa.star4hire.com/?dir=CAApreformatted" "Mozilla/5.0 (Macintosh; Intel Mac OS X 10_12_0) AppleWebKit/537.36 (KHTML, like Gecko) Chrome/41.0.6273.1734 Safari/537.36"
176.116.22.241 - - [02/Jul/2026:20:39:58 +0700] "GET /wp-content/plugins/leadconnector/public/css/custom-elementor.css?ver=1.0.0 HTTP/1.1" 200 251 "https://careerusa.star4hire.com/?dir=CAApreformatted" "Mozilla/5.0 (Macintosh; Intel Mac OS X 10_12_0) AppleWebKit/537.36 (KHTML, like Gecko) Chrome/41.0.6273.1734 Safari/537.36"
188.215.94.40 - - [02/Jul/2026:20:39:58 +0700] "GET /wp-content/plugins/leadconnector/public/css/leadconnector-public.css?ver=4.0.2 HTTP/1.1" 200 98 "https://careerusa.star4hire.com/?dir=CAApreformatted" "Mozilla/5.0 (Macintosh; Intel Mac OS X 10_12_0) AppleWebKit/537.36 (KHTML, like Gecko) Chrome/41.0.6273.1734 Safari/537.36"
209.242.197.156 - - [02/Jul/2026:20:39:58 +0700] "GET /wp-content/plugins/post-views-counter/css/frontend.css?ver=1.7.13 HTTP/1.1" 200 390 "https://careerusa.star4hire.com/?dir=CAApreformatted" "Mozilla/5.0 (Macintosh; Intel Mac OS X 10_12_0) AppleWebKit/537.36 (KHTML, like Gecko) Chrome/41.0.6273.1734 Safari/537.36"
188.215.94.40 - - [02/Jul/2026:20:39:59 +0700] "GET /wp-content/plugins/ultimate-social-media-icons/css/sfsi-style.css?ver=2.9.9 HTTP/1.1" 200 12576 "https://careerusa.star4hire.com/?dir=CAApreformatted" "Mozilla/5.0 (Macintosh; Intel Mac OS X 10_12_0) AppleWebKit/537.36 (KHTML, like Gecko) Chrome/41.0.6273.1734 Safari/537.36"
185.152.37.241 - - [02/Jul/2026:20:39:59 +0700] "GET /wp-content/plugins/elementor/assets/css/frontend.min.css?ver=4.1.4 HTTP/1.1" 200 6626 "https://careerusa.star4hire.com/?dir=CAApreformatted" "Mozilla/5.0 (Macintosh; Intel Mac OS X 10_12_0) AppleWebKit/537.36 (KHTML, like Gecko) Chrome/41.0.6273.1734 Safari/537.36"
104.243.197.51 - - [02/Jul/2026:20:39:59 +0700] "GET /wp-content/uploads/elementor/css/post-6.css?ver=1782860115 HTTP/1.1" 200 361 "https://careerusa.star4hire.com/?dir=CAApreformatted" "Mozilla/5.0 (Macintosh; Intel Mac OS X 10_12_0) AppleWebKit/537.36 (KHTML, like Gecko) Chrome/41.0.6273.1734 Safari/537.36"
176.116.22.241 - - [02/Jul/2026:20:39:59 +0700] "GET /wp-content/plugins/essential-addons-for-elementor-lite/assets/front-end/css/view/general.min.css?ver=6.6.9 HTTP/1.1" 200 1432 "https://careerusa.star4hire.com/?dir=CAApreformatted" "Mozilla/5.0 (Macintosh; Intel Mac OS X 10_12_0) AppleWebKit/537.36 (KHTML, like Gecko) Chrome/41.0.6273.1734 Safari/537.36"
209.242.197.156 - - [02/Jul/2026:20:39:59 +0700] "GET /wp-content/plugins/elementor/assets/css/widget-image.min.css?ver=4.1.4 HTTP/1.1" 200 214 "https://careerusa.star4hire.com/?dir=CAApreformatted" "Mozilla/5.0 (Macintosh; Intel Mac OS X 10_12_0) AppleWebKit/537.36 (KHTML, like Gecko) Chrome/41.0.6273.1734 Safari/537.36"
104.243.197.51 - - [02/Jul/2026:20:39:59 +0700] "GET /wp-content/uploads/elementor/google-fonts/css/robotoslab.css?ver=1748372549 HTTP/1.1" 200 726 "https://careerusa.star4hire.com/?dir=CAApreformatted" "Mozilla/5.0 (Macintosh; Intel Mac OS X 10_12_0) AppleWebKit/537.36 (KHTML, like Gecko) Chrome/41.0.6273.1734 Safari/537.36"
209.242.197.156 - - [02/Jul/2026:20:39:59 +0700] "GET /wp-includes/js/jquery/jquery.min.js?ver=3.7.1 HTTP/1.1" 200 29782 "https://careerusa.star4hire.com/?dir=CAApreformatted" "Mozilla/5.0 (Macintosh; Intel Mac OS X 10_12_0) AppleWebKit/537.36 (KHTML, like Gecko) Chrome/41.0.6273.1734 Safari/537.36"
185.152.37.241 - - [02/Jul/2026:20:40:00 +0700] "GET /wp-content/plugins/ultimate-social-media-icons/js/shuffle/modernizr.custom.min.js?ver=7.0 HTTP/1.1" 200 1381 "https://careerusa.star4hire.com/?dir=CAApreformatted" "Mozilla/5.0 (Macintosh; Intel Mac OS X 10_12_0) AppleWebKit/537.36 (KHTML, like Gecko) Chrome/41.0.6273.1734 Safari/537.36"
188.215.94.40 - - [02/Jul/2026:20:40:00 +0700] "GET /wp-includes/js/jquery/ui/core.min.js?ver=1.13.3 HTTP/1.1" 200 6826 "https://careerusa.star4hire.com/?dir=CAApreformatted" "Mozilla/5.0 (Macintosh; Intel Mac OS X 10_12_0) AppleWebKit/537.36 (KHTML, like Gecko) Chrome/41.0.6273.1734 Safari/537.36"
188.215.94.40 - - [02/Jul/2026:20:40:01 +0700] "GET /wp-content/plugins/ultimate-social-media-icons/js/shuffle/random-shuffle-min.js?ver=7.0 HTTP/1.1" 200 630 "https://careerusa.star4hire.com/?dir=CAApreformatted" "Mozilla/5.0 (Macintosh; Intel Mac OS X 10_12_0) AppleWebKit/537.36 (KHTML, like Gecko) Chrome/41.0.6273.1734 Safari/537.36"
185.152.37.241 - - [02/Jul/2026:20:40:01 +0700] "GET /wp-content/plugins/elementor/assets/js/webpack.runtime.min.js?ver=4.1.4 HTTP/1.1" 200 2351 "https://careerusa.star4hire.com/?dir=CAApreformatted" "Mozilla/5.0 (Macintosh; Intel Mac OS X 10_12_0) AppleWebKit/537.36 (KHTML, like Gecko) Chrome/41.0.6273.1734 Safari/537.36"
209.242.197.156 - - [02/Jul/2026:20:40:01 +0700] "GET /wp-content/plugins/ultimate-social-media-icons/js/custom.js?ver=2.9.9 HTTP/1.1" 200 6875 "https://careerusa.star4hire.com/?dir=CAApreformatted" "Mozilla/5.0 (Macintosh; Intel Mac OS X 10_12_0) AppleWebKit/537.36 (KHTML, like Gecko) Chrome/41.0.6273.1734 Safari/537.36"
188.215.94.40 - - [02/Jul/2026:20:40:02 +0700] "GET /wp-content/uploads/2024/10/s4h-logo-color-copy-169x44.png HTTP/1.1" 206 500 "https://careerusa.star4hire.com/?dir=CAApreformatted" "Mozilla/5.0 (Macintosh; Intel Mac OS X 10_12_0) AppleWebKit/537.36 (KHTML, like Gecko) Chrome/41.0.6273.1734 Safari/537.36"
185.152.37.241 - - [02/Jul/2026:20:40:03 +0700] "GET /wp-content/plugins/pixelyoursite/dist/scripts/js.cookie-2.1.3.min.js?ver=2.1.3 HTTP/1.1" 200 816 "https://careerusa.star4hire.com/?dir=CAApreformatted" "Mozilla/5.0 (Macintosh; Intel Mac OS X 10_12_0) AppleWebKit/537.36 (KHTML, like Gecko) Chrome/41.0.6273.1734 Safari/537.36"
209.242.197.156 - - [02/Jul/2026:20:40:03 +0700] "GET /wp-content/plugins/pixelyoursite/dist/scripts/public.js?ver=11.2.0.7 HTTP/1.1" 200 23901 "https://careerusa.star4hire.com/?dir=CAApreformatted" "Mozilla/5.0 (Macintosh; Intel Mac OS X 10_12_0) AppleWebKit/537.36 (KHTML, like Gecko) Chrome/41.0.6273.1734 Safari/537.36"
188.215.94.40 - - [02/Jul/2026:20:40:03 +0700] "GET /wp-content/uploads/2024/10/7830776_plane_trip_international_icon-copy.png HTTP/1.1" 206 500 "https://careerusa.star4hire.com/?dir=CAApreformatted" "Mozilla/5.0 (Macintosh; Intel Mac OS X 10_12_0) AppleWebKit/537.36 (KHTML, like Gecko) Chrome/41.0.6273.1734 Safari/537.36"
185.152.37.241 - - [02/Jul/2026:20:40:03 +0700] "GET /wp-content/uploads/2024/10/7830741_human_resources_search_employees_icon-copy.png HTTP/1.1" 206 500 "https://careerusa.star4hire.com/?dir=CAApreformatted" "Mozilla/5.0 (Macintosh; Intel Mac OS X 10_12_0) AppleWebKit/537.36 (KHTML, like Gecko) Chrome/41.0.6273.1734 Safari/537.36"
104.243.197.51 - - [02/Jul/2026:20:40:04 +0700] "GET /wp-content/uploads/2024/10/4753731_business_cash_coin_dollar_finance_icon.png HTTP/1.1" 206 500 "https://careerusa.star4hire.com/?dir=CAApreformatted" "Mozilla/5.0 (Macintosh; Intel Mac OS X 10_12_0) AppleWebKit/537.36 (KHTML, like Gecko) Chrome/41.0.6273.1734 Safari/537.36"
188.215.94.40 - - [02/Jul/2026:20:40:07 +0700] "GET /wp-content/plugins/elementor/assets/js/video.86d44e46e43d0807e708.bundle.min.js HTTP/1.1" 200 1198 "https://careerusa.star4hire.com/?dir=CAApreformatted" "Mozilla/5.0 (Macintosh; Intel Mac OS X 10_12_0) AppleWebKit/537.36 (KHTML, like Gecko) Chrome/41.0.6273.1734 Safari/537.36"
104.243.197.51 - - [02/Jul/2026:20:40:07 +0700] "GET /wp-content/plugins/elementor/assets/js/text-editor.45609661e409413f1cef.bundle.min.js HTTP/1.1" 200 605 "https://careerusa.star4hire.com/?dir=CAApreformatted" "Mozilla/5.0 (Macintosh; Intel Mac OS X 10_12_0) AppleWebKit/537.36 (KHTML, like Gecko) Chrome/41.0.6273.1734 Safari/537.36"
103.15.226.176 - - [02/Jul/2026:20:40:53 +0700] "POST /wp-cron.php?doing_wp_cron=1782999653.4466819763183593750000 HTTP/1.1" 200 0 "-" "WordPress/7.0; https://careerusa.star4hire.com"
40.77.167.235 - - [02/Jul/2026:20:40:53 +0700] "GET /2026/05/08/biaya-visa-f1-terbaru-2026-cara-hemat-lewat-program-f-1-star4hire/ HTTP/1.1" 404 25228 "-" "Mozilla/5.0 AppleWebKit/537.36 (KHTML, like Gecko; compatible; bingbot/2.0; +http://www.bing.com/bingbot.htm) Chrome/116.0.1938.76 Safari/537.36"
216.73.217.51 - - [02/Jul/2026:20:41:16 +0700] "GET /robots.txt HTTP/1.1" 200 115 "-" "Mozilla/5.0 AppleWebKit/537.36 (KHTML, like Gecko; compatible; ClaudeBot/1.0; +claudebot@anthropic.com)"
103.15.226.176 - - [02/Jul/2026:20:41:18 +0700] "POST /wp-cron.php?doing_wp_cron=1782999678.2158260345458984375000 HTTP/1.1" 200 0 "-" "WordPress/7.0; https://careerusa.star4hire.com"
216.73.217.51 - - [02/Jul/2026:20:41:18 +0700] "GET /sitemap.xml HTTP/1.1" 200 352 "-" "Mozilla/5.0 AppleWebKit/537.36 (KHTML, like Gecko; compatible; ClaudeBot/1.0; +claudebot@anthropic.com)"
103.15.226.176 - - [02/Jul/2026:20:44:30 +0700] "POST /wp-cron.php?doing_wp_cron=1782999870.7324690818786621093750 HTTP/1.1" 200 0 "-" "WordPress/7.0; https://careerusa.star4hire.com"
200.225.115.66 - - [02/Jul/2026:20:44:30 +0700] "GET /index.php?edit=comment-author-name.php HTTP/1.1" 301 0 "-" "Mozilla/5.0 (iPhone; CPU iPhone OS 11_0 like Mac OS X) AppleWebKit/537.36 (KHTML, like Gecko) Chrome/42.0.1420.1510 Mobile Safari/537.36"
200.225.115.66 - - [02/Jul/2026:20:44:34 +0700] "GET /?edit=comment-author-name.php HTTP/1.1" 200 33370 "-" "Mozilla/5.0 (iPhone; CPU iPhone OS 11_0 like Mac OS X) AppleWebKit/537.36 (KHTML, like Gecko) Chrome/42.0.1420.1510 Mobile Safari/537.36"
204.152.199.105 - - [02/Jul/2026:20:44:38 +0700] "GET /wp-content/plugins/leadconnector/public/css/custom-elementor.css?ver=1.0.0 HTTP/1.1" 200 251 "https://careerusa.star4hire.com/?edit=comment-author-name.php" "Mozilla/5.0 (Macintosh; Intel Mac OS X 10_12_0) AppleWebKit/537.36 (KHTML, like Gecko) Chrome/54.0.4777.1047 Safari/537.36"
204.152.199.105 - - [02/Jul/2026:20:44:39 +0700] "GET /wp-content/plugins/leadconnector/public/css/leadconnector-public.css?ver=4.0.2 HTTP/1.1" 200 98 "https://careerusa.star4hire.com/?edit=comment-author-name.php" "Mozilla/5.0 (Macintosh; Intel Mac OS X 10_12_0) AppleWebKit/537.36 (KHTML, like Gecko) Chrome/54.0.4777.1047 Safari/537.36"
204.152.199.105 - - [02/Jul/2026:20:44:39 +0700] "GET /wp-content/plugins/ultimate-social-media-icons/css/sfsi-style.css?ver=2.9.9 HTTP/1.1" 200 12576 "https://careerusa.star4hire.com/?edit=comment-author-name.php" "Mozilla/5.0 (Macintosh; Intel Mac OS X 10_12_0) AppleWebKit/537.36 (KHTML, like Gecko) Chrome/54.0.4777.1047 Safari/537.36"
161.123.149.104 - - [02/Jul/2026:20:44:39 +0700] "GET /wp-content/plugins/elementor/assets/css/frontend.min.css?ver=4.1.4 HTTP/1.1" 200 6626 "https://careerusa.star4hire.com/?edit=comment-author-name.php" "Mozilla/5.0 (Macintosh; Intel Mac OS X 10_12_0) AppleWebKit/537.36 (KHTML, like Gecko) Chrome/54.0.4777.1047 Safari/537.36"
14.102.124.99 - - [02/Jul/2026:20:44:40 +0700] "GET /wp-content/plugins/elementor/assets/css/widget-heading.min.css?ver=4.1.4 HTTP/1.1" 200 138 "https://careerusa.star4hire.com/?edit=comment-author-name.php" "Mozilla/5.0 (Macintosh; Intel Mac OS X 10_12_0) AppleWebKit/537.36 (KHTML, like Gecko) Chrome/54.0.4777.1047 Safari/537.36"
204.152.199.105 - - [02/Jul/2026:20:44:40 +0700] "GET /wp-content/plugins/elementor/assets/css/widget-image.min.css?ver=4.1.4 HTTP/1.1" 200 214 "https://careerusa.star4hire.com/?edit=comment-author-name.php" "Mozilla/5.0 (Macintosh; Intel Mac OS X 10_12_0) AppleWebKit/537.36 (KHTML, like Gecko) Chrome/54.0.4777.1047 Safari/537.36"
161.123.149.104 - - [02/Jul/2026:20:44:40 +0700] "GET /wp-content/plugins/essential-addons-for-elementor-lite/assets/front-end/css/view/general.min.css?ver=6.6.9 HTTP/1.1" 200 1432 "https://careerusa.star4hire.com/?edit=comment-author-name.php" "Mozilla/5.0 (Macintosh; Intel Mac OS X 10_12_0) AppleWebKit/537.36 (KHTML, like Gecko) Chrome/54.0.4777.1047 Safari/537.36"
204.152.199.105 - - [02/Jul/2026:20:44:40 +0700] "GET /wp-content/uploads/elementor/google-fonts/css/roboto.css?ver=1748372544 HTTP/1.1" 200 1889 "https://careerusa.star4hire.com/?edit=comment-author-name.php" "Mozilla/5.0 (Macintosh; Intel Mac OS X 10_12_0) AppleWebKit/537.36 (KHTML, like Gecko) Chrome/54.0.4777.1047 Safari/537.36"
14.102.124.99 - - [02/Jul/2026:20:44:40 +0700] "GET /wp-includes/js/masonry.min.js?ver=4.2.2 HTTP/1.1" 200 7130 "https://careerusa.star4hire.com/?edit=comment-author-name.php" "Mozilla/5.0 (Macintosh; Intel Mac OS X 10_12_0) AppleWebKit/537.36 (KHTML, like Gecko) Chrome/54.0.4777.1047 Safari/537.36"
161.123.149.104 - - [02/Jul/2026:20:44:41 +0700] "GET /wp-content/plugins/betterlinks/assets/js/betterlinks.app.core.min.js?ver=82f05e9a0c750678d3cc HTTP/1.1" 200 1616 "https://careerusa.star4hire.com/?edit=comment-author-name.php" "Mozilla/5.0 (Macintosh; Intel Mac OS X 10_12_0) AppleWebKit/537.36 (KHTML, like Gecko) Chrome/54.0.4777.1047 Safari/537.36"
161.123.149.104 - - [02/Jul/2026:20:44:41 +0700] "GET /wp-content/plugins/ultimate-social-media-icons/js/shuffle/modernizr.custom.min.js?ver=7.0 HTTP/1.1" 200 1381 "https://careerusa.star4hire.com/?edit=comment-author-name.php" "Mozilla/5.0 (Macintosh; Intel Mac OS X 10_12_0) AppleWebKit/537.36 (KHTML, like Gecko) Chrome/54.0.4777.1047 Safari/537.36"
204.152.199.105 - - [02/Jul/2026:20:44:42 +0700] "GET /wp-content/plugins/pixelyoursite/dist/scripts/js.cookie-2.1.3.min.js?ver=2.1.3 HTTP/1.1" 200 816 "https://careerusa.star4hire.com/?edit=comment-author-name.php" "Mozilla/5.0 (Macintosh; Intel Mac OS X 10_12_0) AppleWebKit/537.36 (KHTML, like Gecko) Chrome/54.0.4777.1047 Safari/537.36"
161.123.149.104 - - [02/Jul/2026:20:44:42 +0700] "GET /wp-content/plugins/pixelyoursite/dist/scripts/jquery.bind-first-0.2.3.min.js?ver=0.2.3 HTTP/1.1" 200 637 "https://careerusa.star4hire.com/?edit=comment-author-name.php" "Mozilla/5.0 (Macintosh; Intel Mac OS X 10_12_0) AppleWebKit/537.36 (KHTML, like Gecko) Chrome/54.0.4777.1047 Safari/537.36"
14.102.124.99 - - [02/Jul/2026:20:44:42 +0700] "GET /wp-content/uploads/2024/10/s4h-logo-color-copy-169x44.png HTTP/1.1" 206 500 "https://careerusa.star4hire.com/?edit=comment-author-name.php" "Mozilla/5.0 (Macintosh; Intel Mac OS X 10_12_0) AppleWebKit/537.36 (KHTML, like Gecko) Chrome/54.0.4777.1047 Safari/537.36"
204.152.199.105 - - [02/Jul/2026:20:44:42 +0700] "GET /wp-content/uploads/2024/10/8962910_career_employee_worker_businessman_people_icon.png HTTP/1.1" 206 500 "https://careerusa.star4hire.com/?edit=comment-author-name.php" "Mozilla/5.0 (Macintosh; Intel Mac OS X 10_12_0) AppleWebKit/537.36 (KHTML, like Gecko) Chrome/54.0.4777.1047 Safari/537.36"
161.123.149.104 - - [02/Jul/2026:20:44:42 +0700] "GET /wp-content/uploads/2024/10/7830776_plane_trip_international_icon-copy.png HTTP/1.1" 206 500 "https://careerusa.star4hire.com/?edit=comment-author-name.php" "Mozilla/5.0 (Macintosh; Intel Mac OS X 10_12_0) AppleWebKit/537.36 (KHTML, like Gecko) Chrome/54.0.4777.1047 Safari/537.36"
204.152.199.105 - - [02/Jul/2026:20:44:43 +0700] "GET /wp-content/uploads/2024/10/9929124_career_leadership_learn_development_growth_icon-copy.png HTTP/1.1" 206 500 "https://careerusa.star4hire.com/?edit=comment-author-name.php" "Mozilla/5.0 (Macintosh; Intel Mac OS X 10_12_0) AppleWebKit/537.36 (KHTML, like Gecko) Chrome/54.0.4777.1047 Safari/537.36"
14.102.124.99 - - [02/Jul/2026:20:44:43 +0700] "GET /wp-content/uploads/2024/10/7830741_human_resources_search_employees_icon-copy.png HTTP/1.1" 206 500 "https://careerusa.star4hire.com/?edit=comment-author-name.php" "Mozilla/5.0 (Macintosh; Intel Mac OS X 10_12_0) AppleWebKit/537.36 (KHTML, like Gecko) Chrome/54.0.4777.1047 Safari/537.36"
204.152.199.105 - - [02/Jul/2026:20:44:43 +0700] "GET /wp-content/plugins/elementor/assets/js/video.86d44e46e43d0807e708.bundle.min.js HTTP/1.1" 200 1198 "https://careerusa.star4hire.com/?edit=comment-author-name.php" "Mozilla/5.0 (Macintosh; Intel Mac OS X 10_12_0) AppleWebKit/537.36 (KHTML, like Gecko) Chrome/54.0.4777.1047 Safari/537.36"
161.123.149.104 - - [02/Jul/2026:20:44:43 +0700] "GET /wp-content/plugins/elementor/assets/js/text-editor.45609661e409413f1cef.bundle.min.js HTTP/1.1" 200 605 "https://careerusa.star4hire.com/?edit=comment-author-name.php" "Mozilla/5.0 (Macintosh; Intel Mac OS X 10_12_0) AppleWebKit/537.36 (KHTML, like Gecko) Chrome/54.0.4777.1047 Safari/537.36"
103.15.226.176 - - [02/Jul/2026:20:45:22 +0700] "POST /wp-cron.php?doing_wp_cron=1782999922.7047610282897949218750 HTTP/1.1" 200 0 "-" "WordPress/7.0; https://careerusa.star4hire.com"
173.252.87.15 - - [02/Jul/2026:20:45:22 +0700] "GET /robots.txt HTTP/1.1" 200 190 "-" "facebookexternalhit/1.1 (+http://www.facebook.com/externalhit_uatext.php)"
57.141.6.33 - - [02/Jul/2026:20:45:24 +0700] "GET /index.php?dir=CAApreformatted HTTP/1.1" 301 0 "-" "meta-externalagent/1.1 (+https://developers.facebook.com/docs/sharing/webmasters/crawler)"
103.15.226.176 - - [02/Jul/2026:20:46:52 +0700] "POST /wp-cron.php?doing_wp_cron=1783000012.3708031177520751953125 HTTP/1.1" 200 0 "-" "WordPress/7.0; https://careerusa.star4hire.com"
57.141.6.20 - - [02/Jul/2026:20:46:52 +0700] "GET /tag/magang-di-amerika/ HTTP/1.1" 200 144046 "-" "meta-externalagent/1.1 (+https://developers.facebook.com/docs/sharing/webmasters/crawler)"
103.15.226.176 - - [02/Jul/2026:20:48:51 +0700] "POST /wp-cron.php?doing_wp_cron=1783000131.6485309600830078125000 HTTP/1.1" 200 0 "-" "WordPress/7.0; https://careerusa.star4hire.com"
103.15.226.176 - - [02/Jul/2026:20:48:51 +0700] "POST /wp-cron.php?doing_wp_cron=1783000131.6522290706634521484375 HTTP/1.1" 200 0 "-" "WordPress/7.0; https://careerusa.star4hire.com"
57.141.6.14 - - [02/Jul/2026:20:48:52 +0700] "GET /2026/01/09/kapan-batas-usia-untuk-ikut-j1-visa-solusi-alternatif-untuk-usia-29-tahun-ke-atas/ HTTP/1.1" 404 27576 "-" "meta-externalagent/1.1 (+https://developers.facebook.com/docs/sharing/webmasters/crawler)"
103.15.226.176 - - [02/Jul/2026:20:48:52 +0700] "POST /wp-cron.php?doing_wp_cron=1783000131.7300469875335693359375 HTTP/1.1" 200 0 "-" "WordPress/7.0; https://careerusa.star4hire.com"
69.63.189.21 - - [02/Jul/2026:20:48:52 +0700] "GET /robots.txt HTTP/1.1" 200 190 "-" "facebookexternalhit/1.1 (+http://www.facebook.com/externalhit_uatext.php)"
57.141.6.33 - - [02/Jul/2026:20:48:55 +0700] "GET /wp-content/plugins/elementor/assets/css/frontend.min.css?ver=4.1.4 HTTP/1.1" 200 7464 "https://careerusa.star4hire.com/2026/01/09/kapan-batas-usia-untuk-ikut-j1-visa-solusi-alternatif-untuk-usia-29-tahun-ke-atas/" "meta-externalagent/1.1 (+https://developers.facebook.com/docs/sharing/webmasters/crawler)"
57.141.6.4 - - [02/Jul/2026:20:48:56 +0700] "GET /wp-content/plugins/ultimate-social-media-icons/css/sfsi-style.css?ver=2.9.9 HTTP/1.1" 200 13284 "https://careerusa.star4hire.com/2026/01/09/kapan-batas-usia-untuk-ikut-j1-visa-solusi-alternatif-untuk-usia-29-tahun-ke-atas/" "meta-externalagent/1.1 (+https://developers.facebook.com/docs/sharing/webmasters/crawler)"
57.141.6.6 - - [02/Jul/2026:20:48:56 +0700] "GET /wp-content/plugins/ultimate-social-media-icons/js/custom.js?ver=2.9.9 HTTP/1.1" 200 7407 "https://careerusa.star4hire.com/2026/01/09/kapan-batas-usia-untuk-ikut-j1-visa-solusi-alternatif-untuk-usia-29-tahun-ke-atas/" "meta-externalagent/1.1 (+https://developers.facebook.com/docs/sharing/webmasters/crawler)"
103.15.226.176 - - [02/Jul/2026:20:52:46 +0700] "POST /wp-cron.php?doing_wp_cron=1783000366.1092770099639892578125 HTTP/1.1" 200 0 "-" "WordPress/7.0; https://careerusa.star4hire.com"
85.208.96.209 - - [02/Jul/2026:20:52:46 +0700] "GET /2026/04/04/visa-f1-amerika-berapa-lama-cek-estimasi-waktu-dan-cara-mudah-lolos-via-star4hire/ HTTP/1.1" 404 27584 "-" "Mozilla/5.0 (compatible; SemrushBot/7~bl; +http://www.semrush.com/bot.html)"
103.15.226.176 - - [02/Jul/2026:20:56:41 +0700] "POST /wp-cron.php?doing_wp_cron=1783000601.9207820892333984375000 HTTP/1.1" 200 0 "-" "WordPress/7.0; https://careerusa.star4hire.com"
57.141.6.1 - - [02/Jul/2026:20:56:42 +0700] "GET /tag/dreamleap-program/ HTTP/1.1" 200 141083 "-" "meta-externalagent/1.1 (+https://developers.facebook.com/docs/sharing/webmasters/crawler)"
103.15.226.176 - - [02/Jul/2026:21:01:53 +0700] "POST /wp-cron.php?doing_wp_cron=1783000913.1046380996704101562500 HTTP/1.1" 200 0 "-" "WordPress/7.0; https://careerusa.star4hire.com"
185.191.171.14 - - [02/Jul/2026:21:01:53 +0700] "GET /robots.txt HTTP/1.1" 200 137 "-" "Mozilla/5.0 (compatible; SemrushBot/7~bl; +http://www.semrush.com/bot.html)"
185.191.171.16 - - [02/Jul/2026:21:01:57 +0700] "GET /tag/visa-pelajar-amerika/ HTTP/1.1" 200 28205 "-" "Mozilla/5.0 (compatible; SemrushBot/7~bl; +http://www.semrush.com/bot.html)"
103.15.226.176 - - [02/Jul/2026:21:04:48 +0700] "POST /wp-cron.php?doing_wp_cron=1783001088.9354219436645507812500 HTTP/1.1" 200 0 "-" "WordPress/7.0; https://careerusa.star4hire.com"
57.141.6.6 - - [02/Jul/2026:21:04:49 +0700] "GET /tag/biaya-sevis/ HTTP/1.1" 200 137072 "-" "meta-externalagent/1.1 (+https://developers.facebook.com/docs/sharing/webmasters/crawler)"
103.15.226.176 - - [02/Jul/2026:21:08:03 +0700] "POST /wp-cron.php?doing_wp_cron=1783001283.5391359329223632812500 HTTP/1.1" 200 0 "-" "WordPress/7.0; https://careerusa.star4hire.com"
69.171.249.8 - - [02/Jul/2026:21:08:03 +0700] "GET /robots.txt HTTP/1.1" 200 190 "-" "facebookexternalhit/1.1 (+http://www.facebook.com/externalhit_uatext.php)"
57.141.6.35 - - [02/Jul/2026:21:08:05 +0700] "GET /tag/biaya-program-j1-amerika-2026/ HTTP/1.1" 200 137484 "-" "meta-externalagent/1.1 (+https://developers.facebook.com/docs/sharing/webmasters/crawler)"
103.15.226.176 - - [02/Jul/2026:21:21:09 +0700] "POST /wp-cron.php?doing_wp_cron=1783002069.3164908885955810546875 HTTP/1.1" 200 0 "-" "WordPress/7.0; https://careerusa.star4hire.com"
40.77.167.73 - - [02/Jul/2026:21:21:09 +0700] "GET /2026/02/11/non-pengalaman-dan-lulusan-sma-smk-tapi-ingin-kerja-di-luar-negeri-emang-bisa-tentu-bisa-begini-caranya/ HTTP/1.1" 404 25265 "-" "Mozilla/5.0 AppleWebKit/537.36 (KHTML, like Gecko; compatible; bingbot/2.0; +http://www.bing.com/bingbot.htm) Chrome/116.0.1938.76 Safari/537.36"
66.249.79.166 - - [02/Jul/2026:21:21:51 +0700] "GET /category/internship/ HTTP/1.1" 200 143101 "-" "Mozilla/5.0 (compatible; Googlebot/2.1; +http://www.google.com/bot.html)"
66.249.71.7 - - [02/Jul/2026:21:22:37 +0700] "GET /id/smartphones/galaxy-a/galaxy-a07-black-64gb-sm-a075fzkdxid/buy.dynamic.pd-g-product-specs-ux2.MS-F813QBDUIDZ.id/ HTTP/1.1" 200 143101 "https://careerusa.star4hire.com/2026/04/06/panduan-lengkap-visa-j-1-amerika-cara-mudah-magang-dan-kerja-di-as-bersama-star4hire/" "Mozilla/5.0 (Linux; Android 6.0.1; Nexus 5X Build/MMB29P) AppleWebKit/537.36 (KHTML, like Gecko) Chrome/149.0.7827.200 Mobile Safari/537.36 (compatible; Googlebot/2.1; +http://www.google.com/bot.html)"
66.249.79.167 - - [02/Jul/2026:21:22:38 +0700] "GET /id/smartphones/galaxy-a/galaxy-a07-black-64gb-sm-a075fzkdxid/buy.dynamic.pd-g-feature-benefit-ux2.MS-F813QBDUIDZ.id.feature.readonly/ HTTP/1.1" 200 143101 "https://careerusa.star4hire.com/2026/04/06/panduan-lengkap-visa-j-1-amerika-cara-mudah-magang-dan-kerja-di-as-bersama-star4hire/" "Mozilla/5.0 (Linux; Android 6.0.1; Nexus 5X Build/MMB29P) AppleWebKit/537.36 (KHTML, like Gecko) Chrome/149.0.7827.200 Mobile Safari/537.36 (compatible; Googlebot/2.1; +http://www.google.com/bot.html)"
66.249.79.167 - - [02/Jul/2026:21:23:05 +0700] "GET /etc.clientlibs/samsung/clientlibs/consumer/global/clientlib-common/resources/images/svg-sprite.svg HTTP/1.1" 200 143101 "https://careerusa.star4hire.com/2026/04/06/panduan-lengkap-visa-j-1-amerika-cara-mudah-magang-dan-kerja-di-as-bersama-star4hire/" "Mozilla/5.0 (Linux; Android 6.0.1; Nexus 5X Build/MMB29P) AppleWebKit/537.36 (KHTML, like Gecko) Chrome/149.0.7827.200 Mobile Safari/537.36 (compatible; Googlebot/2.1; +http://www.google.com/bot.html)"
103.15.226.176 - - [02/Jul/2026:21:25:33 +0700] "POST /wp-cron.php?doing_wp_cron=1783002333.2214651107788085937500 HTTP/1.1" 200 0 "-" "WordPress/7.0; https://careerusa.star4hire.com"
57.141.0.46 - - [02/Jul/2026:21:25:33 +0700] "GET /index.php?dir=CAAgroup HTTP/1.1" 301 0 "-" "meta-externalagent/1.1 (+https://developers.facebook.com/docs/sharing/webmasters/crawler)"
103.15.226.176 - - [02/Jul/2026:21:28:38 +0700] "POST /wp-cron.php?doing_wp_cron=1783002518.2211980819702148437500 HTTP/1.1" 200 0 "-" "WordPress/7.0; https://careerusa.star4hire.com"
57.141.0.42 - - [02/Jul/2026:21:28:38 +0700] "GET /index.php?dir=CAArss HTTP/1.1" 301 0 "-" "meta-externalagent/1.1 (+https://developers.facebook.com/docs/sharing/webmasters/crawler)"
192.178.8.65 - - [02/Jul/2026:21:28:54 +0700] "GET /.well-known/traffic-advice HTTP/1.1" 404 0 "-" "Chrome Privacy Preserving Prefetch Proxy"
193.186.4.182 - - [02/Jul/2026:21:28:54 +0700] "GET / HTTP/1.1" 200 0 "https://www.google.com/" "Mozilla/5.0 (Linux; Android 10; K) AppleWebKit/537.36 (KHTML, like Gecko) Chrome/149.0.0.0 Mobile Safari/537.36"
103.15.226.176 - - [02/Jul/2026:21:31:31 +0700] "POST /wp-cron.php?doing_wp_cron=1783002691.2189450263977050781250 HTTP/1.1" 200 0 "-" "WordPress/7.0; https://careerusa.star4hire.com"
57.141.0.53 - - [02/Jul/2026:21:31:31 +0700] "GET /index.php?edit=icon.php&dir= HTTP/1.1" 301 0 "-" "meta-externalagent/1.1 (+https://developers.facebook.com/docs/sharing/webmasters/crawler)"
103.15.226.176 - - [02/Jul/2026:21:32:53 +0700] "POST /wp-cron.php?doing_wp_cron=1783002773.9326510429382324218750 HTTP/1.1" 200 0 "-" "WordPress/7.0; https://careerusa.star4hire.com"
218.93.165.2 - - [02/Jul/2026:21:32:53 +0700] "GET / HTTP/1.1" 200 33355 "-" "Mozilla/5.0 (iPhone; CPU iPhone OS 18_7_6 like Mac OS X) AppleWebKit/605.1.15 (KHTML, like Gecko) Version/26.0 Mobile/15E148 Safari/604.1"
218.93.165.2 - - [02/Jul/2026:21:32:54 +0700] "GET /wp-includes/css/dashicons.min.css?ver=7.0 HTTP/1.1" 200 35114 "https://careerusa.star4hire.com/" "Mozilla/5.0 (iPhone; CPU iPhone OS 18_7_6 like Mac OS X) AppleWebKit/605.1.15 (KHTML, like Gecko) Version/26.0 Mobile/15E148 Safari/604.1"
218.93.165.2 - - [02/Jul/2026:21:32:54 +0700] "GET /wp-content/plugins/post-views-counter/css/frontend.css?ver=1.7.13 HTTP/1.1" 200 390 "https://careerusa.star4hire.com/" "Mozilla/5.0 (iPhone; CPU iPhone OS 18_7_6 like Mac OS X) AppleWebKit/605.1.15 (KHTML, like Gecko) Version/26.0 Mobile/15E148 Safari/604.1"
218.93.165.2 - - [02/Jul/2026:21:32:55 +0700] "GET /wp-content/plugins/leadconnector/public/css/custom-elementor.css?ver=1.0.0 HTTP/1.1" 200 251 "https://careerusa.star4hire.com/" "Mozilla/5.0 (iPhone; CPU iPhone OS 18_7_6 like Mac OS X) AppleWebKit/605.1.15 (KHTML, like Gecko) Version/26.0 Mobile/15E148 Safari/604.1"
218.93.165.2 - - [02/Jul/2026:21:32:55 +0700] "GET /wp-content/plugins/leadconnector/public/css/leadconnector-public.css?ver=4.0.2 HTTP/1.1" 200 98 "https://careerusa.star4hire.com/" "Mozilla/5.0 (iPhone; CPU iPhone OS 18_7_6 like Mac OS X) AppleWebKit/605.1.15 (KHTML, like Gecko) Version/26.0 Mobile/15E148 Safari/604.1"
218.93.165.2 - - [02/Jul/2026:21:32:55 +0700] "GET /wp-content/plugins/ultimate-social-media-icons/css/sfsi-style.css?ver=2.9.9 HTTP/1.1" 200 12576 "https://careerusa.star4hire.com/" "Mozilla/5.0 (iPhone; CPU iPhone OS 18_7_6 like Mac OS X) AppleWebKit/605.1.15 (KHTML, like Gecko) Version/26.0 Mobile/15E148 Safari/604.1"
218.93.165.2 - - [02/Jul/2026:21:32:55 +0700] "GET /wp-content/themes/astra/assets/css/minified/main.min.css?ver=4.13.4 HTTP/1.1" 200 8388 "https://careerusa.star4hire.com/" "Mozilla/5.0 (iPhone; CPU iPhone OS 18_7_6 like Mac OS X) AppleWebKit/605.1.15 (KHTML, like Gecko) Version/26.0 Mobile/15E148 Safari/604.1"
218.93.165.2 - - [02/Jul/2026:21:32:55 +0700] "GET /wp-content/plugins/elementor/assets/css/frontend.min.css?ver=4.1.4 HTTP/1.1" 200 6626 "https://careerusa.star4hire.com/" "Mozilla/5.0 (iPhone; CPU iPhone OS 18_7_6 like Mac OS X) AppleWebKit/605.1.15 (KHTML, like Gecko) Version/26.0 Mobile/15E148 Safari/604.1"
218.93.165.2 - - [02/Jul/2026:21:32:55 +0700] "GET /wp-content/uploads/elementor/css/post-6.css?ver=1782860115 HTTP/1.1" 200 361 "https://careerusa.star4hire.com/" "Mozilla/5.0 (iPhone; CPU iPhone OS 18_7_6 like Mac OS X) AppleWebKit/605.1.15 (KHTML, like Gecko) Version/26.0 Mobile/15E148 Safari/604.1"
218.93.165.2 - - [02/Jul/2026:21:32:55 +0700] "GET /wp-content/plugins/elementor/assets/css/widget-heading.min.css?ver=4.1.4 HTTP/1.1" 200 138 "https://careerusa.star4hire.com/" "Mozilla/5.0 (iPhone; CPU iPhone OS 18_7_6 like Mac OS X) AppleWebKit/605.1.15 (KHTML, like Gecko) Version/26.0 Mobile/15E148 Safari/604.1"
218.93.165.2 - - [02/Jul/2026:21:32:55 +0700] "GET /wp-content/plugins/elementor/assets/css/widget-image.min.css?ver=4.1.4 HTTP/1.1" 200 214 "https://careerusa.star4hire.com/" "Mozilla/5.0 (iPhone; CPU iPhone OS 18_7_6 like Mac OS X) AppleWebKit/605.1.15 (KHTML, like Gecko) Version/26.0 Mobile/15E148 Safari/604.1"
218.93.165.2 - - [02/Jul/2026:21:32:55 +0700] "GET /wp-content/plugins/elementor/assets/css/widget-image-box.min.css?ver=4.1.4 HTTP/1.1" 200 310 "https://careerusa.star4hire.com/" "Mozilla/5.0 (iPhone; CPU iPhone OS 18_7_6 like Mac OS X) AppleWebKit/605.1.15 (KHTML, like Gecko) Version/26.0 Mobile/15E148 Safari/604.1"
218.93.165.2 - - [02/Jul/2026:21:32:55 +0700] "GET /wp-content/plugins/elementor/assets/css/widget-spacer.min.css?ver=4.1.4 HTTP/1.1" 200 300 "https://careerusa.star4hire.com/" "Mozilla/5.0 (iPhone; CPU iPhone OS 18_7_6 like Mac OS X) AppleWebKit/605.1.15 (KHTML, like Gecko) Version/26.0 Mobile/15E148 Safari/604.1"
218.93.165.2 - - [02/Jul/2026:21:32:55 +0700] "GET /wp-content/plugins/elementor/assets/css/widget-video.min.css?ver=4.1.4 HTTP/1.1" 200 341 "https://careerusa.star4hire.com/" "Mozilla/5.0 (iPhone; CPU iPhone OS 18_7_6 like Mac OS X) AppleWebKit/605.1.15 (KHTML, like Gecko) Version/26.0 Mobile/15E148 Safari/604.1"
218.93.165.2 - - [02/Jul/2026:21:32:55 +0700] "GET /wp-content/uploads/elementor/css/post-500.css?ver=1782860116 HTTP/1.1" 200 2045 "https://careerusa.star4hire.com/" "Mozilla/5.0 (iPhone; CPU iPhone OS 18_7_6 like Mac OS X) AppleWebKit/605.1.15 (KHTML, like Gecko) Version/26.0 Mobile/15E148 Safari/604.1"
218.93.165.2 - - [02/Jul/2026:21:32:55 +0700] "GET /wp-content/uploads/elementor/google-fonts/css/robotoslab.css?ver=1748372549 HTTP/1.1" 200 726 "https://careerusa.star4hire.com/" "Mozilla/5.0 (iPhone; CPU iPhone OS 18_7_6 like Mac OS X) AppleWebKit/605.1.15 (KHTML, like Gecko) Version/26.0 Mobile/15E148 Safari/604.1"
218.93.165.2 - - [02/Jul/2026:21:32:55 +0700] "GET /wp-content/uploads/elementor/google-fonts/css/roboto.css?ver=1748372544 HTTP/1.1" 200 1889 "https://careerusa.star4hire.com/" "Mozilla/5.0 (iPhone; CPU iPhone OS 18_7_6 like Mac OS X) AppleWebKit/605.1.15 (KHTML, like Gecko) Version/26.0 Mobile/15E148 Safari/604.1"
218.93.165.2 - - [02/Jul/2026:21:32:55 +0700] "GET /wp-content/plugins/essential-addons-for-elementor-lite/assets/front-end/css/view/general.min.css?ver=6.6.9 HTTP/1.1" 200 1432 "https://careerusa.star4hire.com/" "Mozilla/5.0 (iPhone; CPU iPhone OS 18_7_6 like Mac OS X) AppleWebKit/605.1.15 (KHTML, like Gecko) Version/26.0 Mobile/15E148 Safari/604.1"
218.93.165.2 - - [02/Jul/2026:21:32:55 +0700] "GET /wp-includes/js/jquery/jquery.min.js?ver=3.7.1 HTTP/1.1" 200 29782 "https://careerusa.star4hire.com/" "Mozilla/5.0 (iPhone; CPU iPhone OS 18_7_6 like Mac OS X) AppleWebKit/605.1.15 (KHTML, like Gecko) Version/26.0 Mobile/15E148 Safari/604.1"
218.93.165.2 - - [02/Jul/2026:21:32:56 +0700] "GET /wp-includes/js/jquery/jquery-migrate.min.js?ver=3.4.1 HTTP/1.1" 200 4692 "https://careerusa.star4hire.com/" "Mozilla/5.0 (iPhone; CPU iPhone OS 18_7_6 like Mac OS X) AppleWebKit/605.1.15 (KHTML, like Gecko) Version/26.0 Mobile/15E148 Safari/604.1"
218.93.165.2 - - [02/Jul/2026:21:32:56 +0700] "GET /wp-includes/js/imagesloaded.min.js?ver=5.0.0 HTTP/1.1" 200 1700 "https://careerusa.star4hire.com/" "Mozilla/5.0 (iPhone; CPU iPhone OS 18_7_6 like Mac OS X) AppleWebKit/605.1.15 (KHTML, like Gecko) Version/26.0 Mobile/15E148 Safari/604.1"
218.93.165.2 - - [02/Jul/2026:21:32:56 +0700] "GET /wp-includes/js/masonry.min.js?ver=4.2.2 HTTP/1.1" 200 7130 "https://careerusa.star4hire.com/" "Mozilla/5.0 (iPhone; CPU iPhone OS 18_7_6 like Mac OS X) AppleWebKit/605.1.15 (KHTML, like Gecko) Version/26.0 Mobile/15E148 Safari/604.1"
218.93.165.2 - - [02/Jul/2026:21:32:56 +0700] "GET /wp-content/plugins/betterdocs/assets/blocks/categorygrid/frontend.js?ver=1ea3db90c2630b0df77d HTTP/1.1" 200 493 "https://careerusa.star4hire.com/" "Mozilla/5.0 (iPhone; CPU iPhone OS 18_7_6 like Mac OS X) AppleWebKit/605.1.15 (KHTML, like Gecko) Version/26.0 Mobile/15E148 Safari/604.1"
218.93.165.2 - - [02/Jul/2026:21:32:56 +0700] "GET /wp-content/themes/astra/assets/js/minified/frontend.min.js?ver=4.13.4 HTTP/1.1" 200 5707 "https://careerusa.star4hire.com/" "Mozilla/5.0 (iPhone; CPU iPhone OS 18_7_6 like Mac OS X) AppleWebKit/605.1.15 (KHTML, like Gecko) Version/26.0 Mobile/15E148 Safari/604.1"
218.93.165.2 - - [02/Jul/2026:21:32:56 +0700] "GET /wp-content/plugins/betterlinks/assets/js/betterlinks.app.core.min.js?ver=82f05e9a0c750678d3cc HTTP/1.1" 200 1616 "https://careerusa.star4hire.com/" "Mozilla/5.0 (iPhone; CPU iPhone OS 18_7_6 like Mac OS X) AppleWebKit/605.1.15 (KHTML, like Gecko) Version/26.0 Mobile/15E148 Safari/604.1"
218.93.165.2 - - [02/Jul/2026:21:32:56 +0700] "GET /wp-includes/js/jquery/ui/core.min.js?ver=1.13.3 HTTP/1.1" 200 6826 "https://careerusa.star4hire.com/" "Mozilla/5.0 (iPhone; CPU iPhone OS 18_7_6 like Mac OS X) AppleWebKit/605.1.15 (KHTML, like Gecko) Version/26.0 Mobile/15E148 Safari/604.1"
218.93.165.2 - - [02/Jul/2026:21:32:56 +0700] "GET /wp-content/plugins/ultimate-social-media-icons/js/shuffle/modernizr.custom.min.js?ver=7.0 HTTP/1.1" 200 1381 "https://careerusa.star4hire.com/" "Mozilla/5.0 (iPhone; CPU iPhone OS 18_7_6 like Mac OS X) AppleWebKit/605.1.15 (KHTML, like Gecko) Version/26.0 Mobile/15E148 Safari/604.1"
